t c(f) = -f**2 - 9*f + 2. Let m be c(-7). Let o(x) = 3*x - 49. Let a be o(m). What is z(a)?
7
Let a(z) be the third derivative of -z**5/60 + 3*z**4/4 + z**3/2 - 836*z**2. What is a(17)?
20
Let y(d) be the second derivative of d**7/840 + d**6/60 + d**4/6 - d**3/2 - 13*d. Let s(g) be the second derivative of y(g). Give s(-6).
4
Let p(s) = 0*s**2 + 5*s**2 - s + 21*s**3 - 89*s**3 + 67*s**3. Suppose 4*a + 0*a - 20 = 0. Give p(a).
-5
Let r(l) = -3. Let f(i) = 3*i + 49. Let q(h) = f(h) + 3*r(h). Calculate q(-16).
-8
Suppose -5*y - 5 = 0, 5*l - 3*y + 9 = -2*y. Let v be -10*(l - 6/(-2)). Let f(o) = o**3 + 9*o**2 - 10*o + 2. Calculate f(v).
2
Let u(x) = x**3 + 5*x**2 + 6. Let d be u(-5). Let b(t) be the first derivative of 2*t**2 - 18 + 4*t - 1/4*t**4 + 5/3*t**3. Determine b(d).
-8
Let r(i) = 5917 - 7*i - 5911 + 12*i. Give r(4).
26
Suppose n = -3*t - 4*n - 9, 16 = 2*t - 4*n. Let v(o) = -o + 19*o**t - 3*o - 18*o**2 + 7 - 3. Determine v(4).
4
Suppose -4*c - c - 50 = 0. Let d = c - -13. Let m(k) be the second derivative of k**3/6 + k**2/2 + k. Give m(d).
4
Let b(a) be the second derivative of -a**4/3 + a**3/3 + a**2 + 2*a. Suppose -o + 5*o - 2 = -5*f, -2*f - 3*o = 2. What is b(f)?
-10
Let x(j) be the third derivative of j**5/60 + 5*j**4/24 - 3*j**3/2 + 913*j**2. Calculate x(4).
27
Let x = -1 - -5. Suppose -x*a - 5 = -5*a, -a - 1 = d. Let n be d/(-18) - (-1)/(-3). Let j(c) = c**3 + c**2 + 7. What is j(n)?
7
Let p(q) = q**2 + 5*q + 2. Let t(m) = 16*m - 72. Let l be t(4). Give p(l).
26
Let s(h) be the third derivative of h**6/120 + 2*h**5/15 + 11*h**4/24 + h**3 + 2*h**2 + 451*h. Give s(-4).
26
Let u(r) = -r - 1. Let a(l) = -1. Let v = 32 + -22. Suppose 2*o + 0 = -v. Let w(t) = o*a(t) - u(t). Calculate w(-5).
1
Let o(u) = u**3 - 6*u**2 + 2*u - 62. Let r be o(7). Let y(j) = 6*j**3 - 2*j + 1. Give y(r).
5
Let t(z) be the first derivative of z**4/4 + z**3/3 - z**2/2 + 2*z + 68. What is t(-2)?
0
Let w = 12 + -16. Let n = w - -8. Let j(m) = 3 - 3 + 2 + m + n. What is j(-5)?
1
Suppose -4*y + 28 = -8. Suppose -14*s + y*s = -20. Let v(h) = -4*h + 2*h - 2 + 0 + 3. Calculate v(s).
-7
Let n(y) be the first derivative of -y**3/3 + 2*y**2 - 121. Calculate n(5).
-5
Let p be 7316/(-1798) - (-2)/29. Let v(i) = i**3 + 2*i**2 - i + 4. Give v(p).
-24
Let o = -59 + 54. Let w(v) = 2*v - 4*v + v. Let j(p) = -p. Let l(x) = o*w(x) + 4*j(x). What is l(-2)?
-2
Let d(p) = 10*p + 11. Let i(g) = -6*g - 7. Let n(o) = -5*d(o) - 8*i(o). What is n(-3)?
7
Let d(r) = -r**3 + 3*r**2 + r - 1. Let j(q) = -3*q**3 + 23*q**2 + 10*q - 39. Let c(u) = -4*d(u) + j(u). Calculate c(-10).
5
Let c(d) = 3*d**3 + 2*d**2 + 3*d + 1. Let n(l) = 4*l**3 + 2*l**2 + 3*l. Let m(r) = 3*c(r) - 2*n(r). Let i(h) = h**2 - 25*h + 148. Let y be i(15). What is m(y)?
-3
Let p = -3 + 1. Let k be (-27)/(-12) + p/8. Let s(c) be the first derivative of -2*c**3/3 + 3*c**2/2 - 3*c + 14. What is s(k)?
-5
Let m(w) = -2 + w - 9*w - 3 + 0*w. Let h be m(-1). Let a(o) = 2*o. Determine a(h).
6
Let r(i) = -i**3 - 16*i**2 + 4*i + 66. Let p be r(-16). Let w(a) be the first derivative of -1/2*a**p + 1/4*a**4 - 2/3*a**3 - 5 + a. What is w(2)?
-1
Let t(z) be the third derivative of -z**5/60 - z**4/24 - z**3/6 + 2*z**2 - 32*z. Give t(0).
-1
Let p(r) be the third derivative of -2*r**5/15 + r**4/24 + r**3/2 + 51*r**2. Give p(2).
-27
Let l(m) = 3*m - 23 + 19*m**2 + 19*m**2 + 20 - 39*m**2. Determine l(5).
-13
Suppose -4 = 2*v - 2*w + 8, -4*w - 3 = 5*v. Let h be (-21)/12 + v + (-60)/(-16). Let c(y) = 5*y - 1. Determine c(h).
-6
Suppose m = -2*t + 15, -5*t + 4*t + 5*m + 2 = 0. Suppose -t*o + 5*o = 6. Let i(l) = 4*l - 5 + 2 - 10*l. What is i(o)?
15
Let x(q) = 10*q + 9. Let n(f) = 14*f + 10. Let r(u) = 3*n(u) - 4*x(u). Calculate r(4).
2
Let a = -108 + 104. Let k be (-30)/45*(-42)/a. Let h(n) = -n**3 - 7*n**2 + 3*n - 2. Determine h(k).
-23
Let p(r) = -3*r + 1. Let y = -9 - -11. Give p(y).
-5
Let j(d) be the third derivative of -d**5/20 + d**4/24 + 2*d**3/3 - 82*d**2. Give j(2).
-6
Suppose 9*k + 52 = -4*k. Let t(x) = 3*x + 9. Calculate t(k).
-3
Let u(n) = n**3 + 8*n**2 - 3*n - 6. Suppose -896*z + 890*z - 48 = 0. What is u(z)?
18
Let r = -65 - -75. Suppose 4*t = -5*d + r, 0*d - 5*t - 8 = -4*d. Let u(q) = 4*q**2 - q. Determine u(d).
14
Let x(o) = 14*o - 9. Let q(n) = 16*n - 11. Let d(m) = -6*q(m) + 7*x(m). Calculate d(-2).
-1
Let h(w) = -w**2 - w + 1. Let b be 4/(-30) - (-1030)/(-150). Give h(b).
-41
Let g(w) = w. Suppose 13*o + 20 = 8*o. Let x(p) = -5*p + 1. Let y(k) = o*g(k) - x(k). Suppose 8 = 5*s - 22. Calculate y(s).
5
Let c = -1009 - -1005. Let s(h) = h**2 - 17. Calculate s(c).
-1
Let h(q) = 16*q + 18. Let w(o) = 19*o + 19. Let x(a) = -4*h(a) + 3*w(a). Give x(-4).
13
Let r(p) be the third derivative of p**4/8 - p**3/2 - 7*p**2 + 16*p. Let k = -5 - -10. What is r(k)?
12
Let l(k) = k**3 + 10*k**2 + 13*k + 12. Suppose -35 = 3*g - 8. Give l(g).
-24
Let a(c) = 2*c**3 + 2*c**2 - c. Let l be a(1). Let u(b) = -3*b - 3 - 5*b - b**2 + 10*b + 1. Calculate u(l).
-5
Suppose 3*q - 29 = 5*t, 8*t + 28 = 4*q + 4*t. Let j(h) = 4. Let d(x) = x + 5. Let n(k) = q*j(k) - 2*d(k). Calculate n(3).
-4
Let x(u) be the second derivative of -u**5/20 + 2*u**4/3 + u**3/6 - 7*u**2/2 - u. Let h = 7734 - 7726. Determine x(h).
1
Let b(z) = -7*z + 18*z + 1 - 8*z - 11*z. Give b(-3).
25
Let p(b) = 4*b + 7. Let c(k) = 3*k + 10. Let i(n) = -5*c(n) + 6*p(n). Calculate i(2).
10
Let v be (2/(-5))/(1/(-5)). Let c(w) be the third derivative of -w**5/60 - w**4/24 + 21*w**2 - 7*w. What is c(v)?
-6
Let y(l) = -l. Let x be y(-3). Let a(i) = i**3 - 2 - i + 2 + 0 + x. Suppose -10*s = -5*s. What is a(s)?
3
Let w(o) be the first derivative of o**4/4 - 4*o**3/3 - 2*o**2 + 3*o - 1. Let v = 93 + -74. Let j be v/(-95) - 26/5*-1. Give w(j).
8
Suppose 2*f + 10 = 14. Let w(c) = -1 + 24*c**f - 42*c**2 + 19*c**2 - 6*c + 0. Calculate w(6).
-1
Let y(m) = -m**2 - 3*m. Let b be y(-3). Let v(a) = b*a + 5*a - 3*a. Determine v(3).
6
Let z be 180/3*7/(-14). Let w = z + 27. Let a(h) = -h**3 - 4*h**2 - h + 2. Give a(w).
-4
Let t be -5 + 9 - -3*3/(-9). Let y(r) = -r**3 + 2*r**2 - 3*r + 1. Calculate y(t).
-17
Let s(d) = -d**2 + 6*d - 4. Let g(h) = -h**2 + 24*h - 91. Let l be g(19). What is s(l)?
4
Let b(q) = -89*q**3 - 4*q**2 - 30*q + 11. Let k(a) = -44*a**3 - 2*a**2 - 14*a + 5. Let j(f) = 6*b(f) - 13*k(f). Determine j(-1).
-37
Let o(x) = x**3 - x**2 - 13. Let p be (-38)/(-152) + 1*1/(-4). Give o(p).
-13
Let q(x) = -x - 1. Let f(p) = -11. Let r(g) = -f(g) + 2*q(g). Determine r(6).
-3
Let x(a) be the first derivative of a**2/2 - 2*a + 336. Calculate x(-9).
-11
Suppose 4*r - 10 - 6 = 0. Let a be ((-10)/r)/((-3)/(-6)). Let c(t) = -2 + 13*t - 6*t - t + 2*t - 9*t. Give c(a).
3
Let z(b) = b**2 + 5*b - 1. Let w = 97 - 95. Let f be (w*25/10)/(-1). Calculate z(f).
-1
Suppose 10*k = 12*k + 2. Let u(h) = -4*h - 1. What is u(k)?
3
Let v(r) = r**2 - 8*r + 1. Let m(u) = -2*u**2 + 16*u + 4. Let w be m(8). Calculate v(w).
-15
Let i(p) = -2*p. Let l be i(-3). Let y(v) be the first derivative of -v**2/2 + v - 530. Determine y(l).
-5
Let n(t) = -t**2 - 5*t - 2. Let l(k) = -k**2 - k. Suppose -225 = j + 4*j. Let m be 24/(-10) - 18/j. Let d be l(m). Give n(d).
4
Let w(b) = 15*b**3 + b**2 - b - 1. Let n(u) = u**3 + 15*u**2 + 12*u - 29. Let q be n(-14). Determine w(q).
-14
Suppose 0 = -u + 2 - 5. Let j = 1 - u. Let f(h) = -6 - 3*h**2 - 2*h + 1 + 0 + j*h**2. What is f(4)?
3
Let o(l) = -12 - 15 + 37 - 7 + 5*l. Let j be 2/(-2 + (1 - -1) + -1). Calculate o(j).
-7
Let b(t) be the third derivative of 2*t**5/15 - t**3/6 + t**2. Let w(l) = 41*l + 124. Let p be w(-3). Calculate b(p).
7
Let f be 2/9 + 975/(-135). Let i(a) = -a + 4. Calculate i(f).
11
Let w(k) be the second derivative of k**3/6 + k**2 - 19*k + 3. Determine w(-8).
-6
Let i(u) = -u**3 - 15*u**2 + 16*u + 1. Let y be ((-3)/(-36) + (-18)/24)*24. What is i(y)?
1
Let z(r) = -r - 9. Suppose 2*k + 7 = -i + 3, 3*i - 4*k + 42 = 0. Calculate z(i).
1
Suppose -3 = t - 17. Suppose 4*l + 2*v = 3*v + 6, -5*v = 2*l - t. Suppose -2*o + 1 = -9, o = -l*u - 1. Let b(p) = -2*p - 1. Determine b(u).
5
Let u(d) = d**3 + 7*d**2 + d - 8. Suppose -112 + 82 = 5*a. Determine u(a).
22
Suppose 2*z + 58 = 26. Let y = z - -18. Let v(i) = -2*i**2 - 3*i + 3. Give v(y).
-11
Suppose 1 - 56 = 5*m. Let q = m + 5. Let k(r) be th